 -1 - -3 - 5) + 7.
9
Evaluate (2 - (2 + 0 + -2)) + -1.
1
Evaluate -3 + (0 - -3 - 4).
-4
-1 - (-5 - (6 - 5))
5
Calculate 1 - (-4 + 3 - (3 + 0)).
5
What is (-1 - (-12 - -11)) + -2 + 4?
2
What is the value of 22 - 0 - (6 - -6)?
10
-5 - (5 + -10 - 4)
4
Evaluate -13 - (7 - 17) - (3 - 0).
-6
Evaluate -1 - (3 - 7) - -2.
5
Evaluate (1 - 7) + 4 + -4 - -4.
-2
(1 + 1 + 3 - 12) + 3
-4
Evaluate (-1 - -5) + (1 - 6).
-1
1 + 0 + -3 - (7 + -6)
-3
Evaluate 6 + (7 - 14) + -4.
-5
Evaluate -4 + (-1 - -3) + 4.
2
-2 + (7 - (3 + -3))
5
Calculate 9 + -5 - (2 - 2).
4
What is the value of (1 - 7) + -1 + 0 - -3?
-4
Evaluate (8 - 0) + 2 + -3 + -2.
5
Evaluate (-35 - -38) + (-2 - (2 - 0)).
-1
What is the value of -373 + 374 - ((-10 - -2) + 0)?
9
10 - (-1 + 10 - (-61 + 65))
5
Evaluate -7 + (-1 - (4 + -7)).
-5
Calculate (6 - 0 - 0) + -5.
1
Calculate -9 - (9 - 13) - (-6 + -1).
2
4 + -1 - 2 - (173 - 174)
2
-5 + 0 + -2 - (-7 - -5)
-5
What is the value of 0 + (1 - 2) + (7 - 6)?
0
(-4 - 0) + (-2 - -10) - -1
5
Calculate -4 - (1 + -3 + -4).
2
Evaluate -4 + 17 + -8 + -1.
4
1 + 3 - (-1 - (9 - 9))
5
(-1 - (-1 - (-4 - -5))) + -3
-2
What is the value of (2 - 2) + (14 - 10)?
4
Calculate 6 + (9 + -5 - 1) - 5.
4
What is the value of -6 + -2 + (-1 - 0 - -8)?
-1
-6 + 5 + (1 - -1) + 4
5
8 + (-5 - -4) + 1 + -14
-6
What is the value of 0 + -1 - (-1 - -2 - 0)?
-2
What is (0 - -2 - 8) + 288 + -272?
10
Evaluate 0 + 4 - (-12 - -11).
5
What is the value of -1 - -1 - (1 - 4)?
3
2 + -5 + 6 - 4
-1
Calculate (5 - (7 - (13 - 1))) + -6.
4
What is (-20 + 20 - (-5 - 0)) + 6?
11
Evaluate 0 - -5 - (-4 - -6 - 0).
3
Evaluate -2 - (-5 + 1) - (10 + -8).
0
What is the value of -1 - (1 + 2 + -8) - 5?
-1
What is 0 - (6 - 1 - 1 - 2)?
-2
What is the value of -1 - (-6 - 1) - (-28 - -34)?
0
Evaluate (3 - -10) + -9 - -2.
6
4 - (-1 - -5 - 1)
1
What is the value of (-3 - 1) + 6 - (3 + 0)?
-1
What is -7 + 9 + (-4 - (-9 + 4))?
3
What is 7 - (18 - (17 + -8))?
-2
What is the value of -5 + (15 - (10 - 7))?
7
Evaluate -3 - (-2 - -3) - -3 - -5.
4
What is -5 + 6 + (2 + -5 - -1)?
-1
What is the value of -10 - (-14 - -6 - -3)?
-5
What is -3 + (4 - 8 - -12)?
5
What is the value of 5 + (10 + -5 - 8)?
2
What is -4 + 4 + 1 + -7?
-6
What is the value of 0 + -4 - (28 + -36)?
4
Evaluate 3 + -7 + 0 - (-1 + -4).
1
What is 5 + (1 - 7) + (-1 - 2)?
-4
Calculate -1 + (-5 - 2 - -8).
0
-6 - (-1 + 9 - 15)
1
What is -30 + 30 + -1 - (0 - 0)?
-1
Calculate -2 - (1 - -1 - (24 + -21)).
-1
What is the value of -12 - (6 + -10 - 3)?
-5
Evaluate (4 - 1) + -7 - -8.
4
4 - (6 - (-2 - -5))
1
What is the value of -2 - (0 - (8 + -4))?
2
Evaluate -1 + (9 - 5) - (2 + -3).
4
(0 - 0 - 4) + -5 + 8
-1
What is (5 - -6) + -6 - 8?
-3
Calculate 8 + -8 - (-1 - 3).
4
What is the value of (3 - (-11 + 6)) + -2 + -1?
5
What is the value of (12 - 17) + -2 + 6?
-1
What is 12 + -8 + (2 - (15 + -2))?
-7
What is -4 + 6 + -6 + (4 - 0)?
0
Calculate -6 - (0 - (7 - 5)).
-4
What is the value of (-5 - (-15 - -9)) + 4?
5
What is 2 - (1 - 0) - -1?
2
What is the value of -1 - 3 - (4 + (-3 - 4))?
-1
What is 15 - (13 - (2 + 11 + -7))?
8
Evaluate 6 + (-4 - -1) + -3 - -1.
1
What is the value of (3 - 3) + 1 + -5?
-4
Calculate (3 - 1) + (-11 - -13).
4
-1 + -3 - (9 + -3 + -2)
-8
Calculate 2 - (-16 + 14 + (6 - 0)).
-2
What is the value of -5 - (3 + 0 + 1 - 5)?
-4
What is the value of -3 + (9 - 17) + 2?
-9
What is the value of (-8 + 8 - (1 - -3)) + 11?
7
Calculate -1 + -5 + 4 + 3 + -1.
0
0 - ((-3 - -2) + 4)
-3
What is 3 - (6 + (-4 - -3))?
-2
-5 + (-3 - -1 - -3)
-4
What is the value of (3 - 1) + -1 + -4?
-3
Calculate -16 + 18 + -2 + -6.
-6
Calculate 0 + (4 - 7) + 3.
0
Evaluate (-1 + -2 - (0 + -1)) + 7.
5
What is the value of (-1 - -7) + (24 - 27)?
3
-4 + 14 + (-11 - -5)
4
Calculate (1 - 4 - -1) + -3 + 3.
-2
Calculate 4 - (-2 - -5) - 3 - -3.
1
Calculate 74 + -83 + (2 - 3) + 7.
-3
Evaluate ((5 - 12) + 4 - -1) + -2.
-4
What is the value of 10 + -16 + 1 + 1 - -4?
0
Evaluate -4 + 1 + (-22 - -8) + 9.
-8
1 - 4 - (-1 + 2)
-4
What is the value of (2 - 0) + -3 + -7 + 3?
-5
Calculate 5 + -1 - 0 - (-4 - -3).
5
What is the value of -2 - (7 + -3 + 0)?
-6
Evaluate -4 - (-7 - -5) - -1 - -5.
4
Evaluate -1 + -1 + (6 - 9).
-5
Calculate (25 - 20) + -1 + -1.
3
Evaluate (6 - (6 + -4)) + -3 - -3.
4
-10 + 16 + -2 + 1
5
Evaluate (8 - 12) + 3 + 3 + 0.
2
Calculate -1 - -13 - (-30 - -38).
4
Evaluate 5 - (-1 + -1 + -8 + 5).
10
Evaluate 3 + (1 - 10) + 2 + 6.
2
-5 + 10 - 0 - 1
4
Calculate (0 + 3 - 3) + 2 + -4.
-2
-2 - (-6 - -2) - 3
-1
What is the value of (1 - (6 + 0)) + 3 + -7?
-9
4 - (6 + 4 + -4)
-2
(-2 - 1) + 0 + -3 + 5
-1
What is -1 - -13 - (129 + -122)?
5
What is 85 + -86 - (-1 - -1 - 2)?
1
Calculate 10 + -11 - (2 + 2 + -1).
-4
-5 + 8 - 0 - 7
-4
What is the value of -2 + (1 - (-2 - -4))?
-3
What is the value of -6 + 2 + 3 + 1?
0
(-12 - -7 - -2) + (-2 - -1)
-4
Calculate 0 + 5 + -2 - -1.
4
Evaluate 4 - (8 - 5 - 4).
5
What is 5 - (5 + (-3 - 2))?
5
What is (1 - 3) + (-2 - (0 + -3))?
-1
Calculate -8 - (1 - (-4 + 9)).
-4
What is the value of -25 - (0 - 12) - -8?
-5
7 + -6 + 5 + -2 + -6
-2
Evaluate 10 - ((5 - 8) + 8).
5
Calculate 7 - 3 - (-2 - -3).
3
What is the value of 3 + (-7 - 3) + 9 + -5?
-3
What is (4 - (7 + -8)) + -3?
2
Calculate (3 - 1) + 6 - 4.
4
What is the value of -1 - 1 - -4 - 0?
2
What is -1 + (1 - 1) + -51 + 46?
-6
0 + (6 + -1 - -3)
8
0 - (-1 + (1 - 0 - -2))
-2
(-5 - 1) + (-3 - (1 + -6))
-4
1 + (0 - 4) + 5
2
Evaluate 9 + (-29 - -15) - (-8 + 1).
2
What is the value of -2 - (13 - 19) - (1 + -4)?
7
Evaluate 4 + (-3 - -9) - 5 - 2.
3
-10 + 14 + -8 + 5
1
What is the value of 0 + -3 + (8 - 4)?
1
What is (12 - (1 + 5)) + -11?
-5
11 - -1 - (47 - 41)
6
Evaluate 1 - (7 + -10 - (-7 - 0)).
-3
Calculate (-4 - -15 - 2) + -7.
2
Evaluate -1 - 6 - (-46 + 35).
4
5 - (-5 + 3) - (-15 - -17)
5
Evaluate 6 + -2 - ((-7 - -5) + 5).
1
What is 11 + -8 - (-3 + 1 + 8)?
-3
What is -13 + -1 - -12 - (1 - 4)?
1
What is 1 + -7 + 1 - 0?
-5
What is the value of 12 + -10 - (8 - 3)?
-3
What is (-3 - -1) + -3 - (0 - 1)?
-4
Evaluate -15 + 13 - (-1 - 0).
-1
Calculate (1 + -3 - 1) + (54 - 49).
2
0 - (-4 + 6 + -1 + 1)
-2
Calculate -3 - ((-5 - 5) + 3).
4
Calculate -6 + (6 - -3) + 2 + -3.
2
What is the value of 2 + (17 - (10 + 0))?
9
What is the value of -3 - (-4 - (-5 - 1 - -2))?
-3
What is the value of (1 - 1) + 3 + -1?
2
Evaluate -1 - 2 - ((-3 - -4) + -7).
3
Evaluate 1 + 8 + (0 - 1).
8
Evaluate 2 + (-4 - (0 + -2 - 3)).
3
Calculate -1 + 1 - (-9 - (3 + -8)).
4
-1 + -2 - (8 - (-9 - -20))
0
What is the value of 0 + 2 + 1 + 3 + -3?
3
1 + -1 + (30 - 25)
5
What is the value of -1 + 0 + 4 + -5 + -3?
-5
1 - (0 - (-5 + (-2 - -6)))
0
What is the value of -10 + (3 - -2) + 1 - -2?
-2
3 + -10 + (-49 - -49)
-7
What is 10 + (-1 - 0 - 1)?
8
-1 + 1 - (2 + (3 - 9))
4
What is (9 + -9 - -5) + -10?
-5
0 + -8 + 1 + 2
-5
Evaluate (0 - ((2 - -2) + -2)) + 4.
2
What is the value of 1 + (-19 + 9 - -17)?
8
What is the value of (-3 - -4 - (-1 - 1)) + -8?
-5
-7 + (4 - (-3 - -3))
-3
Evaluate -3 + 1 + (0 - -8).
6
What is the value of (4 - 0 - 0) + 4 + 0?
8
-1 + (-8 - (-2 + 4 - 3))
-8
Evaluate -2 + -5 - (2 - 6).
-3
What is 0 + 1 - ((2 - 7) + 1)?
5
What is the value of 2 + 1 + -11 - -4 - -3?
-1
Evaluate 0 + (-1 - -6) + -2 + -1.
2
What is 3 + -1 - (2 + 4 + -2)?
-2
Calculate 1 - (7 - (15 - 8)).
1
Calculate (-5 + -8 - -4) + 12.
3
Evaluate 2 + (2 - 3) + (-9 - -8).
0
4 + 0 - (4 - 2)
2
What is -1 + 3 - (1 + -17 + 14)?
4
Calculate -6 - 0 - (1 + -7 + 2).
-2
What is the value of (-6 - (-1 - (-5 - -6))) + 5?
1
Calculate 6 + (8 - 9) + -3.
2
What is the value of -4 + 7 - 0 - (1 - 0)?
2
Calculate -2 + 5 - (-2 - (-15 + 7)).
-3
Calculate -3 + 5 + 0 - (4 - 0).
-2
Calculate (-1 + 3 - 9) + 54 + -44.
3
What is the value of -4 - (1 + 4 + -8)?
-1
-1 - (-12 - -6) - (0 + 2)
3
5 - (-6 + 1 - -9)
1
What is the value of -5 + 2 + 28 + -32 - -1?
-6
What is the value of -7 + 13 + (-4 - 3)?
-1
What is the value of (2 - 3) + 2 - -1?
2
Calculate -12 - -6 - -15 - (4 - 1).
6
What is (-6 - -5) + 1 + 6 + -2?
4
What is (1 - (-3 - -6 - 2)) + 4?
4
Evaluate (9 - (1 - -9)) + 3.
2
Calculate (3 - -1) + (9 - 6) + -15.
-8
-16 - -16 - -2 - (1 - -3)
-2
Calculate 3 + (-1 + -3 - (-35 + 29)).
5
What is 0 + -3 + (-13 - -13)?
-3
Evaluate -2 + 2 - -4 - (16 + -15).
3
Evaluate -64 + 63 + (0 - -1).
0
What is the value of (2 - -1) + (-5 - -6)?
4
25 